1
5
What is the value of 3 + (1 - (0 - (-2 + -3)))?
-1
Evaluate (-3 - -2) + 3 - (14 + -11).
-1
What is the value of 4 + 3 + (-3 - -1)?
5
What is (21 - 20) + (2 - 3)?
0
12 + -6 + 3 - 7
2
What is the value of 1 + -1 - (16 + -18)?
2
11 - (-12 - -8) - 10
5
What is the value of -6 + (-5 - -18) - 1?
6
Evaluate 9 - 4 - (1 - (-3 - -1)).
2
What is the value of 2 + 3 + -4 + -7 + 3?
-3
What is (-1 + 0 - -3) + -5 - -3?
0
Calculate -9 - -1 - (-31 + 19).
4
What is -3 + 7 + -2 + (1 - 2)?
1
Calculate 2 - (-3 + 7 + 3).
-5
What is the value of 2 - (-1 - -7 - 6)?
2
What is 1 + 3 - (33 + -13 + -19)?
3
Evaluate (2 - 0) + -2 + 28 + -33.
-5
What is the value of 4 + -2 + (1 - (0 + 2))?
1
What is the value of 2 - (-1 + (6 - 4))?
1
Calculate (-4 - 1) + (17 - (-8 + 21)).
-1
0 + -3 - (4 + -1 + 2)
-8
(-3 - (5 + -2)) + 10
4
Evaluate 2 + -3 - -2 - -4.
5
What is (0 - 1 - (0 + -1)) + -1?
-1
Evaluate -4 + (1 - -1 - -1) + 2.
1
Evaluate -9 + (4 - 1) + 9.
3
3 - (3 + (-3 - 0 - 1))
4
What is the value of 0 + 2 - (12 - 7)?
-3
(0 - 23) + (-228 - -241)
-10
What is the value of 0 - -1 - (-3 + -6)?
10
(17 - (-3 + 11)) + -9
0
What is (0 - 11) + 53 + -35?
7
What is the value of 3 - (-5 - (-1 - 2))?
5
Evaluate 1 - (-2 - -10 - 6) - -2.
1
-8 - ((6 - 5 - 5) + -2)
-2
What is (5 - 8) + 16 + -5 - 0?
8
Evaluate 0 + 4 - (-8 + 8).
4
What is the value of 0 + -5 - (-6 - (-8 - -12))?
5
What is -1 + (-2 - -10 - 10)?
-3
Evaluate 0 - (0 + (-5 - -3)) - 1.
1
(2 - 4 - -6 - 0) + -4
0
Evaluate 6 + -1 - (-2 + 2).
5
(0 - -8) + -5 + 2 + 1
6
2 - (7 + -1 - (-2 - -3))
-3
What is (1 - -4) + 13 + -13?
5
Evaluate (-5 - -1 - -8) + -4.
0
-1 + 2 + -2 - (-21 + 15)
5
Calculate -20 - -24 - (1 + -1).
4
-11 - (-6 + -3 - -2 - -3)
-7
What is the value of -2 + 1 - 1 - (-77 + 77)?
-2
70 - 59 - (2 + 5)
4
Evaluate (19 - 26) + (-5 + 3 - -3).
-6
What is -5 - (-4 + 3 - 2)?
-2
-8 + 22 + -10 + 0
4
1 - (3 - (-3 + 9)) - 4
0
Evaluate -2 - (0 + -4 - 3).
5
(-10 - 11 - -10) + 5
-6
What is the value of -3 + (-1 + 6 - -3)?
5
Evaluate (6 - (0 - -3)) + (-1 - 0).
2
Evaluate (-13 - -9) + -2 - -12.
6
What is -1 + (5 - 3 - (4 + -3))?
0
Evaluate 1 - (-3 + 2 + 3).
-1
Evaluate -12 + 4 - -15 - 11.
-4
What is 0 - -1 - (-2 + 1)?
2
Calculate 4 - ((-4 - -11) + -4) - -6.
7
Evaluate -9 + 6 + -8 + 20.
9
What is -92 + 87 - (0 - (1 + 1))?
-3
Evaluate -1 - -3 - (33 - 35).
4
Calculate -1 - -14 - (52 - 44).
5
What is the value of 3 + (2 - (4 + -1)) + -4?
-2
What is the value of 67 + -75 + 7 + -1?
-2
0 + -1 - -4 - (9 - 1)
-5
What is the value of -5 - (-13 - -3) - 0?
5
Calculate -6 + (7 + -5 + -3 - -2).
-5
Calculate 5 + 0 + (-41 - -19) + 14.
-3
Calculate 6 - (1 + (-5 - (-1 + -1))).
8
Evaluate (1 - (1 + 4)) + 6 + 2.
4
What is 26 - (19 + -6) - 9?
4
What is the value of 1 + -5 - (5 + -7 + -2)?
0
Calculate (-6 + -2 - -4 - 0) + -1.
-5
6 + -9 + (-11 - -21)
7
What is the value of -1 + -3 - (-9 + 3)?
2
What is the value of 4 + (-5 - (-6 + -3))?
8
What is (20 - 18) + -2 + 0?
0
Calculate -2 + -4 + 2 + 5.
1
What is the value of -2 + (-5 - (-3 - -4)) - -3?
-5
What is the value of (-6 - (6 - 5)) + 9?
2
What is -1 - 4 - (0 - 0)?
-5
4 - (5 - (1 - (-5 + 1)))
4
Calculate 1 + 0 + (18 - 20).
-1
What is -7 + (14 - 6) + -2?
-1
Calculate 41 - 51 - (-16 - -1).
5
What is 65 + -71 + (9 + 0 - 0)?
3
7 + 1 + 9 + -10
7
Evaluate -2 + (-3 - (7 - 5)).
-7
Evaluate (4 - 7 - -7) + 3.
7
Evaluate 1 - (-4 - (3 - 14)) - -3.
-3
Calculate (16 + -10 - 5) + (-3 - 4).
-6
Calculate 7 + (-2 + 0 + 2 - 3).
4
What is -19 + (-1 - -7) - -6?
-7
Evaluate -11 - (-11 + 3 + -1).
-2
Evaluate (-5 - (-5 + -5)) + 0.
5
What is the value of -3 + -1 + (-9 - -16) - 5?
-2
Calculate -83 + 85 + 0 + -1 + 1.
2
Calculate (7 - (5 + 2 - 4)) + -4.
0
Evaluate 0 + 1 - (-8 + (7 - 1)).
3
What is the value of 1 + -2 + (1 - (6 - 5))?
-1
Evaluate 0 - (2 + (-4 - -5)).
-3
Calculate 5 + -3 + -3 - 2.
-3
7 + -1 + -1 + 1 - 1
5
What is 3 - (1 + (6 - 3)) - 3?
-4
Evaluate 5 + (-2 + 0 - 0).
3
Calculate 16 + 12 + -21 - (-2 + 0).
9
What is 3 + -10 + -5 + 4?
-8
Evaluate (-1 - -1) + 6 + -1 + -7.
-2
Calculate (10 - 6 - 6) + 5 + 1.
4
Calculate (8 - (-10 + 19)) + 5.
4
-15 - (-13 - (4 + 3))
5
What is the value of 5 - (9 - -1 - (4 - -1))?
0
What is 12 + (2 - 3) - 7?
4
-2 - ((-1 - (0 + -4)) + -1)
-4
What is -6 + 1 + 6 + 2?
3
Calculate 1 - ((-17 + 5 - -5) + 17).
-9
Evaluate 2 - (-1 + 1 + 8 + -11).
5
What is the value of 3 + -2 + -2 + 2?
1
What is 0 + -1 - (-3 + 0) - 3?
-1
What is the value of 2 + (1 - 8) + 8?
3
What is the value of -31 + 24 - (0 - 10)?
3
Evaluate -23 + 19 + 1 + 0.
-3
Calculate 9 + -3 + (7 + 1 - 8).
6
(5 - (6 + 1)) + 7 + -3
2
Calculate -5 + 7 + (29 - 23).
8
What is the value of 20 - 21 - (-5 - 2)?
6
What is 4 + 9 + -7 + -3 + -1?
2
Evaluate 10 + -8 + 4 + (3 - 3).
6
What is 5 + (-5 - 7) + 2?
-5
(4 + -1 - -2 - 2) + -5
-2
What is (-2 - -5) + 6 + -4?
5
Calculate -3 + -1 - (0 - 0).
-4
Calculate 7 + (7 - 14) + 4 + -2.
2
What is (6 - (10 - (5 + 1))) + 4?
6
What is the value of -12 + 26 - 12 - 9?
-7
Evaluate -1 - (-8 + 3) - (7 - 2).
-1
Calculate (3 - (5 + 1)) + 0 + 2.
-1
(-51 - -42) + (5 - 0)
-4
What is (9 - 3 - 6) + 3?
3
Calculate 3 + -5 + 9 + -4 + -6.
-3
(4 - 1) + -5 - -5 - 2
1
What is the value of 8 + -10 + (-3 - 0)?
-5
What is the value of (-4 - -5) + (3 - 15 - -9)?
-2
What is the value of 4 - 11 - (-3 + (-4 - 8))?
8
What is 2 - (-4 - (-4 + -5 - 3))?
-6
0 + 0 - (-1 + 0)
1
What is the value of (10 - 7 - (0 - -3)) + -2?
-2
Calculate -4 - (1 + 2 + -5 + 3).
-5
11 - (-3 + 4 + 8)
2
What is the value of -4 + (-3 - (2 + -3 + -2))?
-4
What is the value of -1 - (0 - (2 + 1))?
2
Calculate 4 + 2 - (-6 + 16).
-4
Evaluate 7 - (-5 - 2 - -18).
-4
(11 - 7) + 3 + -5
2
Calculate 5 - (13 + -10) - (6 - 0).
-4
What is the value of -6 + -1 - -3 - (2 - 2)?
-4
What is -1 - 0 - (15 - 12)?
-4
-1 + (-2 + 5 - (-4 - -2))
4
Calculate (0 - -3) + (-8 - -2) + 4.
1
Calculate -14 + 9 - (1 + -5).
-1
-5 - (-11 - -4) - 2
0
Calculate (1 + -1 - -5 - 9) + 4.
0
Evaluate -10 - (-5 - -6 - 7).
-4
What is -3 - (5 + -9 - -7)?
-6
What is the value of -2 - 1 - -1 - (-3 + 1)?
0
Calculate -16 - -1 - -15 - (8 + -2).
-6
Calculate 4 + (5 - (-5 + 8)).
6
Evaluate -3 - (3 - ((2 - 4) + 6)).
-2
Calculate -4 + (3 - 0) - -1.
0
What is the value of -2 + 5 + -7 + 2?
-2
(-1 - 1) + 0 - (-24 - -22)
0
Evaluate 10 - 8 - (-5 - -1).
6
Evaluate (52 - 63) + (1 - -12).
2
Calculate 10 + 1 - (6 + -6 + 5).
6
What is (4 - (-3 - -10)) + -3?
-6
What is the value of 3 + -1 + (1 - 4) + -1?
-2
Evaluate -4 - (-14 - -4) - 2.
4
Calculate -2 - (2 + (-4 - -3) + 0).
-3
-4 + 7 + 2 + 4 + -6
3
-2 + (9 + -4 - 12) + 6
-3
What is the value of -15 + (25 - 7) + -13?
-10
What is the value of -2 + -1 - (-9 - (-6 + 1))?
1
9 - (0 - 3 - -8)
4
Evaluate -2 + (1 - -3) + 0 + 5.
7
Evaluate 6 + (-3 - (12 - 2)).
-7
Calculate 1 + -2 + (-4 + 1 - -3).
-1
Evaluate 5 + (-5 - -4) - 9.
-5
-10 - (-10 - ((5 - -2) + -12))
-5
What is the value of 3 + (0 - -3 - (11 + -8))?
3
Calculate 2 + 3 + -1 + -1 + 2.
5
Evaluate -5 + 10 - (6 + (-2 - 2)).
3
What is (-3 - -2) + (10 - 6)?
3
What is -8 - (-2 + 0 + 0)?
-6
Evaluate (1 - 1 - (3 + -2)) + 6.
5
-2 - -6 - (6 + -2)
0
Evaluate -12 + 1 + 2 + 3 + 14.
8
Calculate 8 - ((14 - 11) + 1).
4
What is the value of 1 + (1 - 4) + -1?
-3
Evaluate (2 - -3) + -2 - (-1 - 0).
4
What is the value of 10 + -13 + 1 + 11?
9
What is -7 + 2 - (60 + -65)?
0
What is the value of (1 - -3 - 4) + -2 - -6?
4
What is the value of 3 - (-5 - (0 - (2 + 1)))?
5
What is the value of 31 + -36 - (2 - (1 - 0))?
-6
What is the value of (13 - 5) + (3 - 10)?
1
Evaluate 6 - (2 + -2 + 0) - 1.
5
What is -8 - (-3 + 2 + -2)?
-5
What is the value of -13 + 2 + -5 + 7 + 3?
-6
Evaluate -2 - (-1 + 3 + 1 - 2).
-3
Calculate 9 + -14 - (1 - 3).
-3
What is the value of 4 - ((-6 - -4) + 11) - 2?
-7
Evaluate -1 + 3 + -3 + 2.
1
-63 + 64 + (0 - (-1 - 6))
8
Calculate -7 - (-4 - (-1 + 1)).
-3
Calculate (-7 + 3 - 4 - -2) + -4.
-10
6 + (1 - (3 - (-1 + 1)))
4
What is 7 + 2 + 4 + -10 - -1?
4
(-12 - 0) + (164 - 152)
0
What is 6 - -1 - (-7 - (-4 - 5))?
5
What is (-52 - -52) + (0 - 1)?
-1
-3 - (-2 + (-2 + 5 - 1))
-3
What is the value of 2 + (-6 - -3 - 1)?
-2
Evaluate (3 - -3) + -2 + -3 + 0.
1
What is the value of -1 + -3 - (6 - 5) - -11?
6
What is the value of 39 - 33 - (4 + (-3 - -1))?
4
Evaluate (5 - 2) + (1 - 0) + -3.
1
What is the value of 5 + 1 - (67 + -56)?
-5
Calculate (1 - 0) + 1 + (-2 - 0)